 the remainder when 586 is divided by 84?
82
What is the remainder when 1234 is divided by 6?
4
What is the remainder when 178 is divided by 10?
8
What is the remainder when 309 is divided by 13?
10
Calculate the remainder when 156 is divided by 27.
21
What is the remainder when 393 is divided by 79?
77
Calculate the remainder when 146 is divided by 71.
4
Calculate the remainder when 99 is divided by 36.
27
What is the remainder when 203 is divided by 68?
67
What is the remainder when 3831 is divided by 60?
51
Calculate the remainder when 52 is divided by 21.
10
Calculate the remainder when 2095 is divided by 94.
27
What is the remainder when 87 is divided by 75?
12
Calculate the remainder when 509 is divided by 171.
167
Calculate the remainder when 110 is divided by 33.
11
Calculate the remainder when 206 is divided by 142.
64
Calculate the remainder when 2355 is divided by 782.
9
Calculate the remainder when 3078 is divided by 40.
38
Calculate the remainder when 74 is divided by 19.
17
Calculate the remainder when 270 is divided by 56.
46
Calculate the remainder when 81 is divided by 32.
17
What is the remainder when 112 is divided by 8?
0
What is the remainder when 5515 is divided by 4?
3
Calculate the remainder when 672 is divided by 179.
135
What is the remainder when 1374 is divided by 125?
124
Calculate the remainder when 1206 is divided by 147.
30
What is the remainder when 2503 is divided by 14?
11
Calculate the remainder when 562 is divided by 64.
50
Calculate the remainder when 178 is divided by 14.
10
What is the remainder when 210 is divided by 64?
18
Calculate the remainder when 24 is divided by 22.
2
What is the remainder when 197 is divided by 85?
27
What is the remainder when 35 is divided by 14?
7
Calculate the remainder when 6809 is divided by 49.
47
What is the remainder when 7 is divided by 4?
3
What is the remainder when 422 is divided by 43?
35
What is the remainder when 763 is divided by 12?
7
Calculate the remainder when 1885 is divided by 42.
37
Calculate the remainder when 1108 is divided by 292.
232
What is the remainder when 272 is divided by 210?
62
What is the remainder when 86 is divided by 31?
24
Calculate the remainder when 142 is divided by 5.
2
What is the remainder when 72 is divided by 15?
12
Calculate the remainder when 310 is divided by 30.
10
Calculate the remainder when 125 is divided by 22.
15
What is the remainder when 251 is divided by 52?
43
What is the remainder when 9306 is divided by 26?
24
Calculate the remainder when 497 is divided by 54.
11
What is the remainder when 556 is divided by 142?
130
Calculate the remainder when 238 is divided by 40.
38
Calculate the remainder when 299 is divided by 5.
4
Calculate the remainder when 189 is divided by 12.
9
Calculate the remainder when 204 is divided by 41.
40
What is the remainder when 80 is divided by 10?
0
What is the remainder when 362 is divided by 14?
12
What is the remainder when 56 is divided by 44?
12
What is the remainder when 11 is divided by 4?
3
Calculate the remainder when 209 is divided by 51.
5
Calculate the remainder when 110 is divided by 28.
26
Calculate the remainder when 522 is divided by 34.
12
Calculate the remainder when 834 is divided by 140.
134
Calculate the remainder when 2715 is divided by 18.
15
What is the remainder when 447 is divided by 81?
42
What is the remainder when 251 is divided by 23?
21
What is the remainder when 518 is divided by 497?
21
Calculate the remainder when 251 is divided by 104.
43
Calculate the remainder when 688 is divided by 30.
28
What is the remainder when 647 is divided by 10?
7
Calculate the remainder when 215 is divided by 27.
26
What is the remainder when 26658 is divided by 124?
122
Calculate the remainder when 189 is divided by 66.
57
What is the remainder when 256 is divided by 52?
48
What is the remainder when 2467 is divided by 10?
7
Calculate the remainder when 581 is divided by 75.
56
Calculate the remainder when 830 is divided by 815.
15
What is the remainder when 62 is divided by 9?
8
Calculate the remainder when 2487 is divided by 7.
2
Calculate the remainder when 677 is divided by 49.
40
Calculate the remainder when 268 is divided by 8.
4
What is the remainder when 1476 is divided by 240?
36
What is the remainder when 45 is divided by 37?
8
What is the remainder when 281 is divided by 18?
11
What is the remainder when 183 is divided by 45?
3
What is the remainder when 843 is divided by 70?
3
Calculate the remainder when 864 is divided by 62.
58
What is the remainder when 284 is divided by 42?
32
What is the remainder when 201 is divided by 68?
65
What is the remainder when 319 is divided by 9?
4
Calculate the remainder when 1268 is divided by 17.
10
Calculate the remainder when 293 is divided by 99.
95
What is the remainder when 128 is divided by 42?
2
What is the remainder when 1424 is divided by 356?
0
Calculate the remainder when 1162 is divided by 65.
57
Calculate the remainder when 143 is divided by 25.
18
Calculate the remainder when 38 is divided by 10.
8
What is the remainder when 610 is divided by 192?
34
Calculate the remainder when 74 is divided by 33.
8
Calculate the remainder when 365 is divided by 128.
109
Calculate the remainder when 225 is divided by 21.
15
Calculate the remainder when 391 is divided by 88.
39
Calculate the remainder when 3909 is divided by 230.
229
Calculate the remainder when 2037 is divided by 60.
57
What is the remainder when 304 is divided by 22?
18
What is the remainder when 11843 is divided by 150?
143
Calculate the remainder when 364 is divided by 102.
58
What is the remainder when 106 is divided by 27?
25
What is the remainder when 5743 is divided by 338?
335
Calculate the remainder when 1479 is divided by 55.
49
Calculate the remainder when 713 is divided by 329.
55
What is the remainder when 278 is divided by 135?
8
What is the remainder when 862 is divided by 24?
22
What is the remainder when 985 is divided by 18?
13
Calculate the remainder when 237 is divided by 12.
9
What is the remainder when 2793 is divided by 12?
9
What is the remainder when 365 is divided by 71?
10
What is the remainder when 4249 is divided by 10?
9
Calculate the remainder when 123 is divided by 42.
39
Calculate the remainder when 452 is divided by 122.
86
What is the remainder when 136 is divided by 14?
10
What is the remainder when 45 is divided by 14?
3
Calculate the remainder when 815 is divided by 100.
15
Calculate the remainder when 215 is divided by 9.
8
Calculate the remainder when 76 is divided by 33.
10
Calculate the remainder when 1221 is divided by 53.
2
What is the remainder when 435 is divided by 154?
127
What is the remainder when 250 is divided by 54?
34
Calculate the remainder when 753 is divided by 84.
81
What is the remainder when 2518 is divided by 105?
103
What is the remainder when 519 is divided by 58?
55
Calculate the remainder when 165 is divided by 54.
3
Calculate the remainder when 961 is divided by 320.
1
What is the remainder when 237 is divided by 67?
36
Calculate the remainder when 468 is divided by 5.
3
Calculate the remainder when 319 is divided by 69.
43
Calculate the remainder when 3988 is divided by 35.
33
Calculate the remainder when 136 is divided by 47.
42
What is the remainder when 1156 is divided by 40?
36
Calculate the remainder when 817 is divided by 13.
11
Calculate the remainder when 917 is divided by 302.
11
Calculate the remainder when 425 is divided by 11.
7
Calculate the remainder when 429 is divided by 36.
33
What is the remainder when 462 is divided by 67?
60
What is the remainder when 156 is divided by 47?
15
What is the remainder when 5 is divided by 4?
1
What is the remainder when 110 is divided by 31?
17
What is the remainder when 16136 is divided by 99?
98
What is the remainder when 55 is divided by 44?
11
Calculate the remainder when 15846 is divided by 56.
54
Calculate the remainder when 3465 is divided by 89.
83
Calculate the remainder when 12796 is divided by 27.
25
Calculate the remainder when 2043 is divided by 294.
279
What is the remainder when 209 is divided by 106?
103
Calculate the remainder when 39 is divided by 11.
6
What is the remainder when 571 is divided by 272?
27
Calculate the remaind